- 1011?
100001
In base 9, what is -240 - 18?
-258
In base 8, what is 2 + 121?
123
In base 5, what is -42422 - 2?
-42424
In base 9, what is -5 + 874?
868
In base 12, what is 20a - 6?
204
In base 11, what is 2 + -114?
-112
In base 5, what is 1041 - 2?
1034
In base 2, what is 10011000111 + 0?
10011000111
In base 2, what is -1110 - 110110000?
-110111110
In base 3, what is 1 - 202012?
-202011
In base 15, what is -69b0 - -3?
-69ac
In base 6, what is 10 + -533?
-523
In base 12, what is -506 - 2?
-508
In base 13, what is -106 + -10?
-116
In base 14, what is -1dc - 0?
-1dc
In base 10, what is 31 - 5?
26
In base 13, what is -28 - -34?
9
In base 7, what is 1 + 363?
364
In base 11, what is -51 - -32?
-1a
In base 16, what is -5 + 53f?
53a
In base 12, what is -6 + -458?
-462
In base 7, what is -4 - -632?
625
In base 11, what is 59 - -52?
100
In base 7, what is 2 - 40?
-35
In base 5, what is 1 - 1322?
-1321
In base 3, what is -22001 + -12200?
-111201
In base 7, what is -4 + 24033?
24026
In base 6, what is 0 - 31?
-31
In base 13, what is -1 + -36?
-37
In base 9, what is -37 + -377?
-425
In base 14, what is 114 + a?
120
In base 8, what is -14 + -57?
-73
In base 2, what is 111000001101 - -10?
111000001111
In base 6, what is -5 - 23?
-32
In base 12, what is -6 - 1?
-7
In base 8, what is -2142 + 3?
-2137
In base 10, what is -2062 - -5?
-2057
In base 2, what is 1000111 - 100?
1000011
In base 10, what is -414 + -76?
-490
In base 7, what is -2 + -50?
-52
In base 15, what is c + -4?
8
In base 10, what is -5 - 49?
-54
In base 14, what is 0 - 4b?
-4b
In base 7, what is 40032 - -4?
40036
In base 3, what is 1102201 - -2?
1102210
In base 8, what is 100 + -2?
76
In base 9, what is -1171 + 2?
-1168
In base 8, what is 1671 - 5?
1664
In base 13, what is -15 + 6?
-c
In base 4, what is 213 + -131?
22
In base 15, what is 141 - 1?
140
In base 4, what is 2 - -330?
332
In base 13, what is -68 - -1c?
-49
In base 15, what is d + -4?
9
In base 11, what is -5 + -49?
-53
In base 7, what is 102 - -11?
113
In base 14, what is a4 + -5?
9d
In base 10, what is -1752 + 2?
-1750
In base 16, what is 3e - 21?
1d
In base 5, what is -20130 + 10?
-20120
In base 13, what is 5 - -22?
27
In base 9, what is 61 - -336?
407
In base 7, what is 5 - -6434?
6442
In base 12, what is -1058a + -3?
-10591
In base 2, what is 10010010 + 10?
10010100
In base 3, what is 112211 - -1?
112212
In base 7, what is 2042 + 0?
2042
In base 14, what is -26 + -34?
-5a
In base 5, what is 3 - 423?
-420
In base 3, what is 1002011 + -2?
1002002
In base 13, what is 23 + 33?
56
In base 9, what is 67 + 3?
71
In base 8, what is -434 - -14?
-420
In base 9, what is 574 + 5?
580
In base 7, what is -12052 - -2?
-12050
In base 11, what is -61 + a?
-52
In base 6, what is 1130 + -10?
1120
In base 11, what is 1a + 9?
28
In base 9, what is 2 + -273?
-271
In base 13, what is -16 - 36?
-4c
In base 12, what is -a1b - 2?
-a21
In base 10, what is 12 - 9?
3
In base 4, what is 2200 - -30?
2230
In base 12, what is -161 - -3?
-15a
In base 11, what is 8 + 120?
128
In base 15, what is 33 + 2?
35
In base 16, what is -3 + 35?
32
In base 9, what is 4 - -53?
57
In base 4, what is -103 - -100?
-3
In base 8, what is 424 + 1?
425
In base 8, what is 4 - 36?
-32
In base 13, what is -3 + -a0?
-a3
In base 2, what is 0 - -10111111110?
10111111110
In base 14, what is 6 - 52?
-4a
In base 8, what is 0 + 155?
155
In base 16, what is 46 + 2?
48
In base 11, what is 17 + 9?
25
In base 4, what is -303 - 10?
-313
In base 6, what is 54 - 15?
35
In base 8, what is 1253 - -4?
1257
In base 6, what is -40 + 1?
-35
In base 9, what is 1 + -2115?
-2114
In base 14, what is 1d37 + -3?
1d34
In base 16, what is -9928 - -2?
-9926
In base 4, what is -303 - -22?
-221
In base 6, what is -315 - 1?
-320
In base 5, what is -423 - -3?
-420
In base 13, what is 0 - 31?
-31
In base 14, what is -a - -25d?
253
In base 4, what is 302 - -33?
1001
In base 14, what is -5a + 10?
-4a
In base 4, what is -10 - 3020?
-3030
In base 11, what is -3 - 339?
-341
In base 2, what is -1101011101 + 101?
-1101011000
In base 2, what is 11011 - 0?
11011
In base 3, what is 11 - 22?
-11
In base 11, what is -86 + 0?
-86
In base 7, what is 3546 - -1?
3550
In base 10, what is -9 + 268?
259
In base 11, what is -1 + -23?
-24
In base 11, what is -49a + -3?
-4a2
In base 2, what is 101011100011 + 101?
101011101000
In base 6, what is -1102 + 1?
-1101
In base 2, what is -1001001100010 + 1?
-1001001100001
In base 3, what is 1202 - 110?
1022
In base 7, what is 103 - 1?
102
In base 12, what is a3 - 5?
9a
In base 8, what is 244 - 47?
175
In base 3, what is -1121012221 - 2?
-1121020000
In base 7, what is -3 - -105?
102
In base 11, what is 1 - -2817?
2818
In base 4, what is -210322 - 0?
-210322
In base 6, what is 230351 - -5?
230400
In base 9, what is 402 - -2?
404
In base 15, what is 34 + -3?
31
In base 8, what is -16 - 444?
-462
In base 12, what is -4a6 - -12?
-494
In base 8, what is -23 - -2424?
2401
In base 2, what is 1000011000 - 10011?
1000000101
In base 2, what is -10 + -1100100?
-1100110
In base 15, what is -28 + 5?
-23
In base 14, what is 7c + -1?
7b
In base 8, what is -1174 + -17?
-1213
In base 12, what is 2 - 3a?
-38
In base 16, what is -c - -f?
3
In base 3, what is 1120112 - 11?
1120101
In base 14, what is 5 - 2c4?
-2bd
In base 5, what is -3044 - -3?
-3041
In base 15, what is 1b - -b?
27
In base 5, what is -3332 - 32?
-3414
In base 14, what is 1c - 18?
4
In base 12, what is 47 + 0?
47
In base 2, what is -100 + 1001001?
1000101
In base 11, what is -3 - 39?
-41
In base 2, what is -100101111000 - 110?
-100101111110
In base 8, what is 45 + -10?
35
In base 10, what is -159 + 5?
-154
In base 9, what is 56 + 75?
142
In base 6, what is 4340 - -2?
4342
In base 11, what is -4 - -2114?
2110
In base 15, what is 829 - 6?
823
In base 7, what is 15 - 5425?
-5410
In base 9, what is -5172 - -4?
-5167
In base 3, what is -2122 + -12?
-2211
In base 14, what is d9 - 2?
d7
In base 8, what is -124 - -1?
-123
In base 5, what is 14 - 11341?
-11322
In base 8, what is 11 - -27?
40
In base 2, what is -101 - 100110?
-101011
In base 12, what is -195 + 3?
-192
In base 3, what is -1021 - 111120?
-112211
In base 6, what is -50 - -10?
-40
In base 4, what is -11013 + -220?
-11233
In base 14, what is -21 - -65?
44
In base 11, what is -14a + -7?
-156
In base 16, what is 6 + -1b5?
-1af
In base 2, what is -101110 + 1?
-101101
In base 9, what is 6382 - 1?
6381
In base 13, what is 4a - 4?
46
In base 5, what is 4 + -111110?
-111101
In base 12, what is 10 - 11?
-1
In base 7, what is -16 - 36?
-55
In base 3, what is -12 + -11201?
-11220
In base 2, what is 101100010 + -111?
101011011
In base 5, what is -20310 - 3?
-20313
In base 6, what is 1 + -21?
-20
In base 5, what is -4 - 400?
-404
In base 13, what is 10 + 25?
35
In base 3, what is 110 - -12?
122
In base 6, what is -1 - -1030?
1025
In base 4, what is -3 - -11230?
11221
In base 10, what is -5 - 126?
-131
In base 11, what is -1 - -4a?
49
In base 11, what is -4 - 22?
-26
In base 4, what is 231 + 21?
312
In base 11, what is -2 + 4022?
4020
In base 2, what is 10101000010 + 101?
10101000111
In base 13, what is -275 + 4?
-271
In base 12, what is 0 - -9b?
9b
In base 16, what is -1 - -219?
218
In base 2, what is 11 + -11011?
-11000
In base 14, what is -a + -20?
-2a
In base 5, what is 242 + -4?
233
In base 2, what is 11110000000 - 10?
11101111110
In base 9, what is -2131 - 0?
-2131
In base 12, what is 13 + -253?
-240
In base 11, what is 5 - -a16?
a20
In base 2, what is -1 - -110010010101?
110010010100
In base 15, what is 2847 - -2?
2849
In base 6, what is 4 - -2131?
2135
In base 9, what is -31 + -1?
-32
In base 9, what is 2 - -183?
185
In base 14, what is 9d - -2?
a1
In base 7, what is 2 - -2600?
2602
In base 7, what is -1405 - -2?
-1403
In base 7, what is 3552 - 2?
3550
In base 7, what is -666 + -31?
-1030
In base 3, what is -1112011 - 0?
-1112011
In base 5, what is 12034 + 12?
12101
In base 3, what is 1122210 + 12?
1122222
In base 12, what is -111 + -4?
-115
In base 16, what is 0 + 1f?
1f
In base 6, what is -45233 - -1?
-45232
In base 7, what is -1 - -11242?
11241
In base 6, what is 25 - -211?
240
In base 14, what is -6 + -7?
-d
In base 2, what is 101 + 11100011?
11101000
In base 10, what is 31 + -82?
-51
In base 6, wh